ors of 77743543?
77743543
What are the prime factors of 859683812?
2, 13, 17, 972493
What are the prime factors of 61530882?
2, 3, 7, 1465021
List the prime factors of 118898425.
5, 17, 279761
List the prime factors of 242454918.
2, 3, 17, 71, 33479
List the prime factors of 1027274000.
2, 5, 173, 2969
List the prime factors of 37350155.
5, 67, 111493
What are the prime factors of 1100541652?
2, 7, 101, 107, 3637
What are the prime factors of 47532053?
19, 23, 108769
What are the prime factors of 663360711?
3, 13, 2069, 8221
List the prime factors of 1809738060.
2, 3, 5, 13, 17, 136481
List the prime factors of 6766006952.
2, 431, 1962299
What are the prime factors of 3764841228?
2, 3, 499, 69859
What are the prime factors of 5047565469?
3, 7193, 233911
What are the prime factors of 1191577692?
2, 3, 99298141
What are the prime factors of 107307870?
2, 3, 5, 67, 197, 271
What are the prime factors of 49453034?
2, 17, 101, 14401
List the prime factors of 379251186.
2, 3, 23, 71, 38707
What are the prime factors of 1512025594?
2, 17, 281, 158261
What are the prime factors of 7224938243?
7224938243
What are the prime factors of 48926201?
47, 79, 13177
List the prime factors of 1298820686.
2, 83, 7824221
What are the prime factors of 649627313?
649627313
What are the prime factors of 1631980599?
3, 859, 633287
What are the prime factors of 113231724?
2, 3, 9435977
List the prime factors of 556931116.
2, 7, 19, 1046863
List the prime factors of 4804139233.
4804139233
What are the prime factors of 42451164?
2, 3, 7, 168457
List the prime factors of 1788272930.
2, 5, 631, 283403
What are the prime factors of 37471169?
1693, 22133
List the prime factors of 13868214.
2, 3, 19, 239, 509
List the prime factors of 159964963.
159964963
List the prime factors of 736304978.
2, 41, 8979329
List the prime factors of 508266723.
3, 169422241
What are the prime factors of 632293804?
2, 313, 505027
What are the prime factors of 333325172?
2, 241, 345773
List the prime factors of 182587196.
2, 11, 229, 18121
What are the prime factors of 477413474?
2, 113, 1021, 2069
List the prime factors of 7756477.
193, 40189
What are the prime factors of 3906977706?
2, 3, 17, 79, 3169
List the prime factors of 400357426.
2, 7, 1399, 20441
What are the prime factors of 2751704?
2, 343963
List the prime factors of 719182622.
2, 359591311
What are the prime factors of 308839655?
5, 61767931
What are the prime factors of 477571530?
2, 3, 5, 2111, 7541
List the prime factors of 533624702.
2, 13, 23, 919, 971
What are the prime factors of 74737911?
3, 73, 341269
List the prime factors of 3008721180.
2, 3, 5, 43, 971, 1201
List the prime factors of 121040668.
2, 7, 4322881
What are the prime factors of 57184269?
3, 19061423
What are the prime factors of 26750319?
3, 53, 83, 2027
List the prime factors of 266644345.
5, 11, 4848079
List the prime factors of 915354943.
23, 89, 239, 1871
List the prime factors of 154093836.
2, 3, 13, 23, 67, 641
List the prime factors of 104565596.
2, 251, 104149
What are the prime factors of 266455585?
5, 11, 4844647
What are the prime factors of 203516440?
2, 5, 307, 16573
What are the prime factors of 50466624?
2, 3, 13, 20219
List the prime factors of 171616551.
3, 107, 534631
List the prime factors of 856416350.
2, 5, 797, 21491
List the prime factors of 100837345.
5, 7, 67, 6143
What are the prime factors of 402841575?
3, 5, 71, 151, 167
What are the prime factors of 50780409?
3, 16926803
List the prime factors of 710240016.
2, 3, 3191, 4637
What are the prime factors of 4218024912?
2, 3, 87875519
What are the prime factors of 2507674?
2, 13, 43, 2243
What are the prime factors of 2075204?
2, 518801
List the prime factors of 12054511.
7, 1722073
List the prime factors of 26225865.
3, 5, 23, 25339
What are the prime factors of 14692195?
5, 7, 419777
List the prime factors of 14278178.
2, 7139089
List the prime factors of 1990294453.
7, 284327779
List the prime factors of 348435722.
2, 31, 47, 109, 1097
What are the prime factors of 3211552584?
2, 3, 14868299
List the prime factors of 542260103.
7, 11, 47, 149837
What are the prime factors of 1008686197?
127, 7942411
What are the prime factors of 222358335?
3, 5, 2963, 5003
List the prime factors of 295153411.
7, 23, 101, 2593
List the prime factors of 650195871.
3, 13, 59, 282571
What are the prime factors of 379595519?
23, 883, 18691
List the prime factors of 3564864489.
3, 71, 239, 293
List the prime factors of 1324077061.
1324077061
List the prime factors of 2046401115.
3, 5, 11, 12402431
What are the prime factors of 6265922781?
3, 17, 122861231
What are the prime factors of 111915105?
3, 5, 7461007
What are the prime factors of 653529221?
653529221
List the prime factors of 649146021.
3, 4007, 54001
List the prime factors of 35683561.
17, 2099033
What are the prime factors of 3583435194?
2, 3, 47, 83, 17011
List the prime factors of 755206715.
5, 467, 503, 643
List the prime factors of 2702152786.
2, 34327, 39359
List the prime factors of 378645443.
11, 761, 45233
List the prime factors of 584117339.
13, 44932103
What are the prime factors of 1480461019?
19, 77919001
List the prime factors of 498116508.
2, 3, 139, 298631
What are the prime factors of 549593669?
549593669
List the prime factors of 342018831.
3, 7, 11, 1480601
List the prime factors of 4885444.
2, 599, 2039
List the prime factors of 47602476.
2, 3, 41, 32251
List the prime factors of 691879496.
2, 7, 11, 1123181
List the prime factors of 12238164.
2, 3, 17, 19997
List the prime factors of 581946428.
2, 7, 337, 61673
What are the prime factors of 429013249?
7, 59, 97, 10709
List the prime factors of 659690967.
3, 13, 17, 995009
List the prime factors of 6168500089.
6168500089
List the prime factors of 45336901.
1217, 37253
What are the prime factors of 44384773?
17, 349, 7481
What are the prime factors of 451955198?
2, 23, 29, 43, 7879
What are the prime factors of 498065428?
2, 7, 17788051
List the prime factors of 275406204.
2, 3, 22950517
What are the prime factors of 205544091?
3, 1087, 63031
List the prime factors of 178989829.
178989829
List the prime factors of 5748745400.
2, 5, 29, 31, 31973
What are the prime factors of 78194998?
2, 7, 71, 97, 811
What are the prime factors of 867919132?
2, 3637, 59659
List the prime factors of 160008369.
3, 17, 71, 44189
What are the prime factors of 134759188?
2, 2287, 14731
What are the prime factors of 134255925?
3, 5, 596693
List the prime factors of 5789763208.
2, 43, 16830707
What are the prime factors of 580839610?
2, 5, 13, 4467997
List the prime factors of 517537398.
2, 3, 7, 23, 47, 11399
List the prime factors of 39571223.
17, 43, 54133
List the prime factors of 27873850.
2, 5, 41, 13597
What are the prime factors of 76496271?
3, 131, 194647
What are the prime factors of 7219309?
23, 313883
List the prime factors of 54736914.
2, 3, 2789, 3271
List the prime factors of 537478423.
653, 659, 1249
What are the prime factors of 1094502738?
2, 3, 7, 17, 1532917
What are the prime factors of 5919729687?
3, 18803, 34981
List the prime factors of 841228894.
2, 11, 38237677
What are the prime factors of 1357525848?
2, 3, 7, 1301, 6211
List the prime factors of 12533552.
2, 107, 7321
What are the prime factors of 1164893269?
1164893269
What are the prime factors of 39796199?
41, 43, 22573
What are the prime factors of 132183811?
132183811
List the prime factors of 59762839.
601, 99439
What are the prime factors of 443512975?
5, 421, 42139
List the prime factors of 2584533973.
7, 369219139
What are the prime factors of 2981566264?
2, 37, 809, 12451
What are the prime factors of 4935522?
2, 3, 822587
List the prime factors of 38223302.
2, 13, 43, 179, 191
What are the prime factors of 68196030?
2, 3, 5, 7, 324743
List the prime factors of 93935796.
2, 3, 7827983
What are the prime factors of 323396175?
3, 5, 359, 12011
List the prime factors of 6435983.
6435983
What are the prime factors of 842620522?
2, 181, 2327681
List the prime factors of 1237492852.
2, 309373213
List the prime factors of 199555971.
3, 53, 1255069
List the prime factors of 7619087810.
2, 5, 41, 163, 173, 659
What are the prime factors of 162066859?
127, 1276117
List the prime factors of 1740189534.
2, 3, 151, 19207